 = 11, 4*m - 6 - 6 = l*c. Calculate f(c).
3
Let g(h) = 16*h**2 + 2*h - 1. Suppose 9*o - 6 = 3. Determine g(o).
17
Let s be 14/(-6) - 2/(-6). Let h be ((-12)/s)/(-3) - -2. Let p(f) = -2*f + 0*f + h*f. Determine p(1).
-2
Suppose -4*o + 9 - 1 = 0. Let x(g) be the second derivative of 0 - o*g - 1/12*g**4 - 1/6*g**3 - 1/4*g**5 + 0*g**2. What is x(-1)?
5
Let s(z) = 8*z - z**2 - 6 + 3 - 3. Let i be (-12)/6*(-4)/2. Give s(i).
10
Let z(p) be the third derivative of p**6/60 - p**5/20 + p**2. Let i(k) = -2*k**2 + 14*k + 18. Let q be i(8). Give z(q).
4
Let z be 19/(-4) + 3/(-12). Let r(q) be the second derivative of -q**3/6 - q**2/2 + q. Give r(z).
4
Let s(j) = 54*j + 9*j**2 - 54*j. What is s(-1)?
9
Let y(d) be the third derivative of -d**5/60 - d**4/24 - d**3/6 + 3*d**2. Suppose 0 = 9*a - 6*a - 6. Determine y(a).
-7
Let k(s) = -s - 8. Suppose -37*h + 32*h - 60 = 0. What is k(h)?
4
Let m be 2 - (6/2 + 1). Let b(c) be the third derivative of -c**4/12 - c**3/3 - 3*c**2. What is b(m)?
2
Let x(m) = m**3 + 2*m**2 - 7 + m + 2 - 3*m**2. Suppose 0 = -5*d + 40 + 35. Suppose -3*o - 3*q + 9 = 0, 0 = -3*o + 4*q + q - d. What is x(o)?
-5
Let s be 2 - (2 - 2 - 1). Let a(h) = -s*h + 4*h - h**2 - 2*h + 1. Determine a(-1).
1
Let g be ((-6)/4)/(6/16). Let f(b) = 1. Let d(j) = -j**2 - 5*j - 1. Let z(l) = -d(l) + 5*f(l). What is z(g)?
2
Suppose 4 + 8 = 4*n. Let a(g) be the second derivative of -5*g**4/24 + 2*g**3/3 - 3*g**2/2 - 6*g. Let x(s) be the first derivative of a(s). Give x(n).
-11
Suppose -2*k + 7*k = v, 4*v = -4*k - 24. Let m(q) be the second derivative of 3*q**5/10 - q**4/12 - q**3/6 - q**2/2 - 244*q. What is m(k)?
-7
Let x(u) = u**2 - 7*u + 3. Let j be x(8). Let k = 7 - j. Let a(s) = -s**2 - 3*s + 2. Give a(k).
-2
Let u(k) = k**3 + k**2 - 2*k - 3. Let w be (5 + -1)*2/4. Let t be 4/(-2*w/(-2)). Suppose t*r - 4*j = -2*j - 12, -4*r + 5*j = 28. Give u(r).
-3
Let h(q) = q**2 - 3*q + 1. Let k be h(4). Suppose m + 1 = k. Let a = -3 + m. Let o(z) = 4*z - 1. What is o(a)?
3
Let n = -4 + 4. Suppose n = 4*y - 14 + 2. Let f(x) = 8*x**2 + x + 8. Let s(c) = -7*c**2 - 7. Let h(i) = -5*f(i) - 6*s(i). What is h(y)?
5
Let d(l) be the third derivative of l**5/20 + l**4/12 + l**3/6 - l**2. Let z = -75 + 74. Give d(z).
2
Let o be (2/(-4))/(6/(-36)). Let i(t) = -o + 5*t + 2 + 0 + 4. Calculate i(-2).
-7
Let r = 27 + -22. Let y(i) = -i + 6. Calculate y(r).
1
Let i = 6 - 4. Suppose -i*f + 1 = 2*g + 3, -2*f - 7 = 3*g. Let c(x) be the third derivative of -x**5/60 - x**4/6 + x**2. Calculate c(g).
-5
Let c(y) = y**3 + 6*y**2 - 6*y - 2. Suppose 0 = 7*q - 2*q - 20, -3*l = 4*q + 5. What is c(l)?
-9
Let g(n) be the third derivative of n**4/4 + n**3/2 - 14*n**2. Give g(-2).
-9
Let v(n) = 6*n - 3*n + 1 - 4*n - 3. Calculate v(4).
-6
Let f(b) = 2*b - 43. Let l(z) = z - 21. Let q(d) = 4*f(d) - 9*l(d). Give q(0).
17
Let f be 204/(-34) + 1/(2/6). Let v(u) = -u**3 - 3*u**2 + 3*u + 3. What is v(f)?
-6
Let s(x) = x**3 - 6*x**2 + 10*x - 4. Let o be s(4). Let p(t) = 2*t + 4. Determine p(o).
12
Let z(c) = 6*c - 4. Let u(h) = 5*h - 4 + 0*h + 0*h. Let j(r) = -4*u(r) + 3*z(r). Give j(3).
-2
Suppose -5*b = 18 - 43. Let j be (-2)/b*(-3 - 2). Let i(f) = 7*f - 1. Give i(j).
13
Let l(g) = g + 7. Let c = 22 + -16. Give l(c).
13
Let m(v) be the third derivative of 0 - 1/3*v**3 + 0*v + 1/24*v**4 + v**2. What is m(3)?
1
Let g = 2 - 7. Let w(d) be the second derivative of d**3/6 + 7*d**2/2 - 20*d + 1. Calculate w(g).
2
Let p be -1 + 1 + -2 + (-24)/12. Let w(h) = h + 0*h + 0*h + 5. Give w(p).
1
Let y(q) = -7*q**3 - 3*q**3 + 4*q**3 + 6 - 5. What is y(1)?
-5
Let c(y) = 5 + 1 + 2*y - 1 + 3. Calculate c(-6).
-4
Let y(g) = 2*g - 1. Suppose -i = -2*i - 3, 0 = -3*n - 3*i + 6. Let a = 1 + n. Suppose -l - 2*j - a + 0 = 0, 0 = 2*l - 2*j. Calculate y(l).
-5
Let l(d) = d**2 + d + 6. Suppose -3*s + 21 + 0 = 0. Suppose s*y - 6*y = 0. Calculate l(y).
6
Suppose 0 = -2*q + 10 - 2. Let o(t) = t**3 - 4 + 0*t**3 - 3 - 3*t - q*t**2. Calculate o(5).
3
Let a(i) = -i - 2. Let h be a(-5). Suppose -w + h*b = 6, -4*b = -5 - 7. Let d(l) = l**3 + 4 - 2*l - l**3 - w*l**2 - 2*l**3 - 2. What is d(-2)?
10
Let m = -28 - -26. Let t(h) = 11*h + 3. Determine t(m).
-19
Let z(h) = -4*h + 4. Let u(q) = -4*q + 5. Let g(m) = 4*u(m) - 5*z(m). Calculate g(2).
8
Let f(j) = j - 2. Let q = -26 + 29. Give f(q).
1
Suppose -5*d + 10 = f - 6*f, -3*d = 0. Let n(a) = -a**3 + 2*a**2 - 2*a + 11. Let i(l) = -l**2 + l - 1. Let g(b) = f*i(b) - n(b). Let u = 0 + 0. Determine g(u).
-9
Let a(x) be the first derivative of 3*x**2/2 + 3*x + 11. What is a(-4)?
-9
Let o be (-4)/((-12)/9) - 3. Let c(z) = z + 1. Let f be c(o). Let k be f - (2 + (1 - 0)). Let d(w) = -w + 1. Calculate d(k).
3
Suppose -5*n - 58 = -23. Let u(y) = y**2 + 7*y - 3. Give u(n).
-3
Let q(n) = 3*n - 3. Let d(l) = -1. Let h(o) = -2*d(o) + q(o). Determine h(2).
5
Let p(u) be the first derivative of -u**2/2 + 5*u + 30. Calculate p(10).
-5
Let f(o) = o**2 + 9*o - 1. Let b(h) = -6*h**2 + h + 1. Let c be b(-1). Let k(g) = -g**2 - 8*g + 1. Let s(i) = c*k(i) - 5*f(i). Let w = -2 + -2. Give s(w).
3
Let r = -1 + -4. Let b be (-2)/r + (-69)/(-15). Let g(a) = -3 - 2 - 5*a**2 - 2*a**3 + 3*a**3. Determine g(b).
-5
Let o(a) = a**2 - 5*a - 6. Let g be o(5). Let h(d) = -3*d + d**3 + d**2 - 3*d - 2 + 5*d**2 - d**2. Let v be h(g). Let q(i) = i**2 - i. What is q(v)?
6
Let w(j) be the third derivative of j**7/2520 - j**5/15 - j**2. Let n(g) be the third derivative of w(g). Determine n(4).
8
Let g(u) = u + 1. Let a(x) = -4*x**3 + x**2 - 5*x - 5. Let p(b) = -a(b) - 5*g(b). What is p(-1)?
-5
Suppose 54 - 10 = -4*m - 4*c, -3*m - 29 = 2*c. Let u(j) = j**2 + 7*j. What is u(m)?
0
Suppose 3*x + 5*q = 19 + 33, 0 = -5*x + q + 68. Suppose -g = -x - 14. Suppose 5*s - 2*s = 4*w + 4, -3*s = 4*w + g. Let i(u) = -3*u - 6. Calculate i(s).
6
Let g(c) = c**2 + 3*c - 4. Let m = 10 - 15. Calculate g(m).
6
Let m be 1 + (-1 - -2) + 0. Let w(o) = 2 + o - o + o**m - 2*o. Give w(3).
5
Let o = 20 + -20. Let b(j) = j. Determine b(o).
0
Suppose 0 = 2*c - 8. Let b(s) = -s + 3. Give b(c).
-1
Let c = 34 - 37. Let b(y) = 4*y - 2. Calculate b(c).
-14
Let h(p) = -4 + 4 - 1 - p. Let w(b) = b + 2. Let t(j) = 4*h(j) + 2*w(j). Let v be (-3)/4 + 4*11/16. Calculate t(v).
-4
Let v(r) = r**2 + r - 7. Let j(m) = -5*m**2 - 6*m + 36. Let t(h) = -2*j(h) - 11*v(h). Give t(-4).
-15
Let a(u) = -2*u + u**2 - 2*u + 10*u + 2*u - 7. What is a(-9)?
2
Let t(r) = -5 - 6*r**2 - 4*r**3 + 3*r**3 - 2. Let x(m) = m**2 - 2*m - 5*m - 2*m**2 - 6 + 0*m. Let d be x(-7). Give t(d).
-7
Let j(f) be the second derivative of f**5/20 - f**4/3 + f**3/3 - 2*f**2 + 2*f. Let x = 19 - 15. Give j(x).
4
Let a(g) = g - 3. Suppose 0*u - 4 = -2*u, -5*c - 2*u + 29 = 0. What is a(c)?
2
Let l(o) = 0*o**2 - o**2 - 6*o + 2*o - 2. Calculate l(-3).
1
Let w(u) = -u**3 - u. Let t(p) = -2*p**3 - 9*p**2 + 6*p - 4. Let l(s) = -t(s) + 3*w(s). Determine l(8).
-4
Let t = 1 - 0. Let n(f) be the third derivative of -1/6*f**3 + 0*f + f**2 + 1/20*f**5 + 0*f**4 + 0. Give n(t).
2
Let g(n) = 2*n**3 - 2*n**2 + n - 2. Suppose 6*f - 17*f + 22 = 0. Give g(f).
8
Let a(f) = f + 7. Let r(s) = -s - 12. Suppose -c = -4*u - 16, 4*u - u + 7 = 2*c. Let g be -5*(0 - 8/u). Let l be r(g). Give a(l).
3
Let y(w) be the first derivative of 3/2*w**2 + 1 + 6*w. Let d(o) = o**2 + 4*o - 1. Let f be d(-3). Calculate y(f).
-6
Let o(k) = k**2 - 6*k + 3. Let n be 4*(-4)/(-48)*27. Let l be n/((-36)/8)*-2. Determine o(l).
-5
Let o be 2*-15*(10/12 + -1). Let m(f) be the second derivative of f**4/12 - f**3/3 - 7*f**2/2 - f. Give m(o).
8
Let v(m) = 2 - 1 - 3 - m. Suppose 0 = 4*r + 3*o - 3, r + 4 + 14 = 3*o. Calculate v(r).
1
Let h = -45 - -47. Let n(w) = -4*w**3 + 2*w**2 + 3*w - 2. Give n(h).
-20
Let b be (-18)/12*(1 - -1). Let o(p) = 2*p - 6*p + p + 4*p + 6. Calculate o(b).
3
Let h(q) = -5*q**2 + 29*q + 3. Let d be h(6). Let w(x) = -x**2 - 4*x + 1. Calculate w(d).
4
Let u(o) = o + 1. Let m(w) = 2*w**2 + 12*w + 12. Let l(k) = 2*m(k) - 18*u(k). Let p(z) = -5*z**2 - 6*z - 7. Let j(r) = 6*l(r) + 5*p(r). Determine j(5).
6
Let y = -6 - -8. Let d(p) = p - y - 3 + p**2 - 4*p + 0*p**2. Calculate d(5).
5
Suppose i + 4*i + 49 = -3*j, -15 = j + i. Let x = 12 + j. Let q(t) = -8*t. Calculate q(x).
8
Let v(m) = -3*m + 2*m**3 - m**3 + 7 - 3*m + 3 - 12*m**2. Let d(h) = -h**2 - h. L